t is the hundreds digit of r(p)?
2
Let v(k) = -2*k**3 + 2*k**2 + 3*k - 1. Let c = -61 - -63. Let z be v(c). What is the tens digit of z*2*7/(21/(-130))?
6
Suppose 11*i = -39*i + 548600. What is the thousands digit of i?
0
Suppose -5*s - 2*l + 23 = 0, 5*s - 25 = 2*s - 4*l. Let z(r) = -11 + 101*r**s + 5*r - 34*r**3 + 6. What is the units digit of z(1)?
7
Let w be (12/(-3) - -10)*-3. What is the tens digit of 888/w*(-450)/24?
2
Suppose 0 = 10*u - 2313 - 35827. What is the hundreds digit of u?
8
What is the thousands digit of 1 + 7801 + (-23)/(92/40)?
7
Suppose -2*h = -3166 + 246. Suppose -5*s + 1180 + h = 0. What is the hundreds digit of s?
5
Suppose 60*u + 35*u - 2550275 = 0. What is the hundreds digit of u?
8
Suppose 5*g + j = 72454, -3*g + 45019 = 3*j + 1549. Suppose g = 3*t + 40*t. What is the hundreds digit of t?
3
Suppose 3*o - o = 50. Let k be 9/(-6) + (-2)/(-4) - -2. Suppose -q + k = -0*q + x, o = -5*x. What is the units digit of q?
6
Suppose 2*r + 732 - 2155 = h, -2137 = -3*r + h. Let m = 774 + r. What is the hundreds digit of m?
4
Let c = 32 - 32. Let w = 700 + -497. Suppose c = -3*m + w + 121. What is the units digit of m?
8
Let f = 209 + -204. Suppose -f*c = 20, -5*q + 2*q + 189 = 3*c. What is the tens digit of q?
6
Suppose 0 = -4*x - 0*x + 5*f + 16100, 5*x - 20130 = 5*f. Suppose -5*i = -g - x, 0*i - 4*g + 2441 = 3*i. What is the tens digit of i?
0
Suppose -5*g - 5*j - 1321 = 1599, 3 = -j. Let w = 57 - g. What is the tens digit of w?
3
Let n(t) = -6946*t + 4456. What is the hundreds digit of n(-4)?
2
What is the thousands digit of 11910/2 - 20*(-8)/(-20)?
5
Suppose 5*z = 5*d - 45511 - 181224, -2*d = z - 90718. What is the tens digit of d?
5
Let g = 146 - 149. What is the units digit of 21658/42 - 1/g?
6
Let s(r) = -r**3 + 3*r**2 + 4*r + 3. Let k be s(4). Let v be (62 + -65)*(-4 - -1). Suppose 0 = k*o - 303 - v. What is the tens digit of o?
0
Let v = -11977 - -20176. What is the thousands digit of v?
8
Let i = 18 - 18. Suppose 3*x - 2*h + 129 = 2*h, i = 4*x + 3*h + 147. Let k = x - -41. What is the units digit of k?
2
Suppose -65 = 29*b - 24*b. Let h be (-1 - b) + (-4)/(2/1). What is the tens digit of 104 + -1 - (h - 11)?
0
Suppose -9*n + n + 47616 = 0. Suppose 0 = -30*y - 2*y + n. What is the units digit of y?
6
Suppose 3*f - 28770 = 5*i, -46*i + 42*i = 2*f - 19180. What is the units digit of f?
0
Suppose 147856 = 3*q - r, 108*r - 10 = 103*r. What is the hundreds digit of q?
2
Suppose -74*h - 5*i = -71*h - 30845, 0 = -2*h - 4*i + 20566. What is the units digit of h?
5
Let g(n) = 8*n**2 - 3*n - 11. Let u(b) = 3*b**2 + 4*b + 2. Let f be u(2). Suppose 3*m = f - 10. What is the hundreds digit of g(m)?
1
Let y = -39 + 127. Suppose -4*f + i = -408 - y, 0 = i. What is the tens digit of f?
2
Suppose 4205*h - 4203*h - 15198 = 0. What is the thousands digit of h?
7
Suppose 27*w = 109*w - 533820. What is the tens digit of w?
1
Let g = -106 + 3321. What is the thousands digit of g?
3
Let r(y) = 1. Let z(f) = 14*f - 65. Let l(t) = -5*r(t) + z(t). Suppose 56 = 2*u + 26. What is the hundreds digit of l(u)?
1
Suppose 7*s + 88444 - 27425 = 8*s. What is the tens digit of s?
1
Let r = 4810 + 13788. What is the hundreds digit of r?
5
Let w = -5 + 31. Suppose -3*a - 54*n + 53*n + 261 = 0, 2*n - 437 = -5*a. Suppose -k = -w - a. What is the tens digit of k?
1
Let s(j) = 0 - 3 + 0 + 2*j**2 - 2*j + 0*j. Suppose 2*c = -23 + 29. What is the units digit of s(c)?
9
Let s = 50 - 53. What is the hundreds digit of 815 + -4*10*s/(-24)?
8
Let t = 1654 - -2004. What is the hundreds digit of t?
6
Let k(z) be the second derivative of z**4/3 + 29*z**3/6 - 31*z**2 - z + 37. What is the tens digit of k(13)?
9
Suppose -5*r - 47 = 2*o, 2*o + 2*r - r = -67. What is the hundreds digit of (-1)/o*9*6712?
6
Let q(b) = 11*b**2 + 9*b + 2. Let w(y) = -5*y**2 - 4*y - 1. Let i(x) = -6*q(x) - 13*w(x). Let c be i(0). What is the tens digit of (-1)/((-8 + 7)*c/15)?
1
Suppose 40*q - 1872534 = 107426. What is the ten thousands digit of q?
4
What is the ten thousands digit of ((-38249)/2)/(14/(-28))?
3
Let d = 17 - 0. Let z(o) = 6 + 0*o - d*o - 19*o. What is the tens digit of z(-4)?
5
Let h = 10 - 8. Suppose -5*p = -h*k + 282 + 561, -p + 1222 = 3*k. What is the tens digit of k?
0
Suppose 2*f - 1458 = -2*t + 802, 2*t = 8. Let y = -47 + f. What is the units digit of y?
9
Let x = 23 + 41. Suppose -20*k = -x - 196. What is the units digit of k?
3
Let w = -155 + 408. Suppose 3*h + 2*f - w = 0, -12*f = 4*h - 9*f - 338. What is the tens digit of h?
8
Let c be (-3)/(-2) + (-5)/(-2) + 1. Suppose 0 = -4*i - c*f + 18 + 517, -i = 3*f - 139. Let j = i + -57. What is the units digit of j?
3
Let w = -2257 + 3312. What is the hundreds digit of w?
0
Suppose 4*x - 20 = -4*b, -3*b - 4*x + 11 = -5. Let m(i) = 8*i**3 + 3*i**2 - 13*i + 2. What is the units digit of m(b)?
0
Suppose 0 = -35*q + 515*q + 70*q - 13517350. What is the tens digit of q?
7
Suppose -1483395 = -560*u + 16156179 + 5191626. What is the tens digit of u?
7
Let u(i) be the first derivative of -7/3*i**3 - 2*i - 4*i**2 - 3 - 1/4*i**4. What is the tens digit of u(-6)?
1
Let o = 151 + -118. Suppose 3*p - 5*c = -o, 5*p + 2*c + 3 = -21. What is the hundreds digit of (1236/9)/((-1)/(p/4))?
2
Suppose 6*n - 1809 = 3*q + 6408, -5*n - q + 6879 = 0. What is the units digit of n?
4
Let n(o) = 18*o - 3*o - 2*o**2 - 7 + 2 + 4*o**2. Suppose 5*j = 8*s - 3*s - 40, -5*j + 2*s = 52. What is the units digit of n(j)?
3
Let z = -11424 + 19797. What is the tens digit of z?
7
Suppose -3*v - v + 3*x - 87 = 0, -117 = 5*v - x. Let u(y) = -12*y - 63. What is the tens digit of u(v)?
2
Let h(q) = 23*q - 14. Let x(t) = -26*t + 14. Let g(b) = 3*h(b) + 2*x(b). Let d(n) = 3*n**2 + 2*n - 2. Let c be d(-2). What is the tens digit of g(c)?
8
Let z(b) = 5*b**2 - 6*b - 7. Let f be z(-3). Let m be 2*3/30 - f/(-20). Let y(a) = 6*a**3 - a**2 - 5*a - 7. What is the hundreds digit of y(m)?
1
Let f(w) = 187*w**2 + 269*w + 9. What is the units digit of f(-6)?
7
Suppose -12 = -9*y + 3*y. Suppose -4*k + 2 = -y*p + 24, 5*p = 5*k + 40. Suppose 3*h + b + 92 = 258, -3*h + p*b + 196 = 0. What is the units digit of h?
7
Let a(o) = 2*o**2 + 36*o + 6. Let b(z) = z**2 + z - 2. Let t be b(-3). Let s(x) = -x**2 - 35*x - 7. Let c(m) = t*a(m) + 5*s(m). What is the tens digit of c(13)?
9
Suppose 9 = 2*g - 2*f + 71, 0 = 4*g + f + 134. Suppose 89 = -a - 4*i + 10, 0 = -5*a - i - 490. Let o = g - a. What is the tens digit of o?
6
Let a = 81 + -105. What is the units digit of (-24180)/(-32) - 3 - 9/a?
3
Let u(x) = x**2 - x + 32. Let z be u(12). What is the tens digit of ((-315)/(-28))/15*z?
2
Let u(d) = -6*d**3 + 3*d**2 - 7*d - 13. What is the hundreds digit of u(-11)?
4
Let x(u) = 91*u**3 - 18*u**2 - 41*u - 26. What is the units digit of x(6)?
6
Let n(p) be the first derivative of -p**4/4 + 7*p**3 - 10*p**2 - 16. Let l be n(20). Suppose 0 = -3*i - k + 16, 3*k = -i - l*k. What is the units digit of i?
6
Let d = -115 - -220. Let i = d + -102. What is the units digit of 21/(-7) - (i + -90)?
4
Let q(a) = 1304*a**2 - a - 122. What is the thousands digit of q(-5)?
2
What is the hundreds digit of (-85)/(-5) + 31423 - 0?
4
Let w(l) = 1023*l**2 - 15*l - 4. What is the tens digit of w(3)?
5
Suppose 48*k = 85320 + 2231112. What is the ten thousands digit of k?
4
Suppose 238*f - 390 = 225*f. Suppose -f*d + 5905 = -3335. What is the hundreds digit of d?
3
Suppose 80*v - 6*v - 1665148 = 0. What is the hundreds digit of v?
5
Let v(c) = -c**3 + 74*c**2 + 79*c - 299. Let g be v(75). Suppose -2*f + 1 + 3 = q, 4*q + 3*f = 21. What is the units digit of g/(-2) - (3 + (-123)/q)?
7
Suppose 3*v + 18771 = 2*c, -138*c + 136*c + 5*v + 18777 = 0. What is the thousands digit of c?
9
Suppose -86*g = 3*t - 82*g - 43512, 2*t - 3*g - 29042 = 0. What is the thousands digit of t?
4
Let s = -200 + 104. What is the units digit of s/224 + (-21468)/(-14)?
3
Let j = 1828 + 3754. What is the hundreds digit of j?
5
Suppose 2*b = -2*b - 4, 2 = 3*f + 4*b. Suppose x = f*x + 433. Let y = 606 + x. What is the hundreds digit of y?
1
Let c = 6854 + -2078. What is the thousands digit of c?
4
Let k be (-90357)/18 - 6/36. What is the units digit of k/(-24)*8/(-10)*-6?
4
Let y(p) = 6*p. Let t be 4/2 + 3/(-3). Let i be y(t). Let d = 20 + i. What is the units